)*(-1)/3. Suppose b = -44*u + 49*u. Suppose u = 2*h - 5. What are the prime factors of h?
23
Let y(b) be the second derivative of b**5/20 - b**4/12 + b**3/2 - 5*b**2/2 + 2*b + 13. What are the prime factors of y(7)?
2, 5, 31
Suppose l + 5*k = -3*l + 8, 0 = -3*l + 3*k + 6. Suppose 3*u - 3*f = -126, 2*u - l*f = -4*f - 64. Let v = u - -86. What are the prime factors of v?
7
Suppose z - 4*k = -z + 96, 5*k + 142 = 3*z. Suppose 2*j - z = -4*r + 76, 0 = -3*r + j + 80. What are the prime factors of r?
2, 7
List the prime factors of (37129 - -1) + (-29 + 16 - -12).
107, 347
Let h(m) be the first derivative of -9*m**4/4 + 2*m - 9. Let b be h(-2). Let g = -19 + b. What are the prime factors of g?
5, 11
Let t(l) = -49*l - 24. Let y(c) = -148*c - 72. Let a(m) = 8*t(m) - 3*y(m). List the prime factors of a(18).
2, 3, 5
Let m = -14188 + 34478. What are the prime factors of m?
2, 5, 2029
Let g = -25 - -111. Suppose -14 = -5*z + g. Let l(u) = u**2 - 12*u + 25. List the prime factors of l(z).
5, 37
Suppose 4*j + 3*f = 168440, 14*j - 5*f - 126359 = 11*j. List the prime factors of j.
23, 1831
Suppose -133*k + 0*k = -23142. List the prime factors of k.
2, 3, 29
Let v(t) = 511*t + 229. What are the prime factors of v(11)?
2, 3, 5, 13
Let g be ((-2)/6)/((-116)/(-24) - 5). Suppose 0*u - 4*u = 4*v + 4, -v = -g*u - 5. List the prime factors of u + 30 - (-12)/(-3).
2, 3
Suppose -l + 3*y + 9 = 0, 0*y - 39 = 4*l + 3*y. Let s = -22 + l. Let c = s - -309. What are the prime factors of c?
281
Let x(b) be the first derivative of b**4/4 - 14*b**3/3 - 4*b**2 - 32*b - 3. Let g be x(15). Suppose 8 = -s + g. List the prime factors of s.
5, 13
Let z(t) = -2*t**2 - 102*t + 2. Suppose -88 = -9*s + 17*s. What are the prime factors of z(s)?
2, 3, 7
Let d(t) = 407*t**3 - 4*t**2 + 5*t - 2. Let a(j) = -j**2 - 11*j + 27. Let w be a(-13). What are the prime factors of d(w)?
2, 7, 29
Let u(n) = -104*n - 69. Let t(d) = 2*d**3 - 57*d**2 + 28*d - 4. Let b be t(28). List the prime factors of u(b).
347
Let i = 262 + 22. Suppose 4*v - i = 376. What are the prime factors of v?
3, 5, 11
Suppose 79*j - 1927047 = -94*j. List the prime factors of j.
3, 47, 79
Let g = 2212 + -1221. Let b = -506 + g. List the prime factors of b.
5, 97
Suppose -98*h + 102*h + 146920 = 4*i, 3*i - 110134 = -4*h. List the prime factors of i.
2, 7, 43, 61
Suppose 2*o = -3*o - 115. Let m(i) = 11*i**2 - 26*i + 31. Let k(l) = -8*l**2 + 25*l - 31. Let a(g) = -4*k(g) - 3*m(g). List the prime factors of a(o).
2
Let d(x) = -408*x - 3386. What are the prime factors of d(-72)?
2, 5, 23, 113
Let c be 12/(-15) - ((-59346)/45 - -1). Let j = -412 + c. What are the prime factors of j?
5, 181
Suppose 1638 = b + 5*b. Suppose -1071 + b = -7*m. Suppose 2*p - 4*w - m - 172 = 0, p + 3*w = 128. What are the prime factors of p?
137
Let z = 2665 - 301. List the prime factors of z.
2, 3, 197
Let o(r) = -16480*r + 1081. List the prime factors of o(-1).
17, 1033
Let z be (-368)/40 - -9 - 96462/(-10). What are the prime factors of z/6 - (-5 - 238/(-42))?
1607
Suppose 5*t + 22 = 37. Let a be 18/8 + t - 2/8. Suppose -4*u + 160 = 2*j, -2*u + a*u = 5*j - 348. List the prime factors of j.
2, 3
Suppose 5*v = -2*g - 0*g + 36, 5*v - 24 = 2*g. Let n be (20/v)/(-5)*2148. What are the prime factors of 11/33 - n/6?
239
Let b be 3/9 - (-3484)/6 - 0. Suppose -2*u + u + 5*z = -b, -u + 584 = -4*z. List the prime factors of u.
2, 149
Let s be 4 - (1 - -1 - 1). Suppose s*w + 1833 = 5*q, 1480 = 2*q + 2*q + w. List the prime factors of q.
3, 41
Suppose -31*m + 35*m + 3*k - 81614 = 0, 0 = -7*m + 2*k + 142810. List the prime factors of m.
2, 101
Let m(i) = 3*i**3 - i**2 - i + 2. Let s be m(1). Suppose -203 = s*z - 10*z. Let f = 16 + z. List the prime factors of f.
3, 5
Let a = 11 - -80. Let v = 146 + a. What are the prime factors of v?
3, 79
Let o(l) = -10*l**3 - 16*l**2 + 23*l - 3. Let m be o(-11). Suppose 31*c - m = 14*c. List the prime factors of c.
2, 3, 109
Suppose -p = -4*q + 364, -3*q - 455 = -8*q - 2*p. Suppose -1955 = -11*z + q. What are the prime factors of z + -10*(-5)/10?
191
Let q(k) = 5*k + 68. Let f be q(-13). List the prime factors of ((f - 0)*1 + -54)*-3.
3, 17
Let y(m) = 25*m + 5994. List the prime factors of y(82).
2, 2011
Suppose 0 = 11*r - 24*r + 33969. Let i = r + -1350. List the prime factors of i.
3, 421
Let f = 350 + -107. Suppose 3*z = -4*u - 400, -5*z = 5*u - 214 + 889. Let l = f + z. List the prime factors of l.
103
Suppose 9*x - 4*x + 485 = 5*m, -4*x - 290 = -3*m. Suppose -m*a = -100*a + 776. What are the prime factors of a?
2, 97
Suppose -3*y - 749 = -s - 6*y, y = 3*s - 2267. List the prime factors of s.
5, 151
Suppose 3*a + 9 = 0, 0*w + 3*a = -3*w + 999. Let y = -185 + w. List the prime factors of y.
151
Let j be -804 + (-5)/((-25)/15). List the prime factors of j/1*(-17)/51.
3, 89
Suppose 4*c = -c + 4*p + 35983, 0 = c - p - 7196. What are the prime factors of c?
23, 313
Let t = -16 + 18. Suppose d + 0*m = t*m + 18, 0 = -4*d - m + 90. Let j = d - 16. What are the prime factors of j?
2, 3
Suppose 4*o = -2*a + 118690, 2*o + 6*a = 80252 - 20882. List the prime factors of o.
2, 3, 5, 23, 43
Suppose -6*x = -9*x + 15. Suppose g + 7 = x*b, -5*b = -g - g - 4. Suppose -4 = -a, -b*a - 186 = -5*v + 126. What are the prime factors of v?
2
Suppose -6*f - 1062074 - 90376 = -81*f. List the prime factors of f.
2, 3, 13, 197
Suppose -616*j + 59222572 = 11948268. What are the prime factors of j?
2, 53, 181
What are the prime factors of 3*(-1234)/(-12)*(185 - 63)?
61, 617
Let t = 2 + -3. Let f(l) = 2128 - 192*l - 4253 + 2131. List the prime factors of f(t).
2, 3, 11
Suppose -6*t + 29715 = 9*t. Suppose 0 = -4*l - 2*m + t + 1551, 0 = 2*l + 3*m - 1762. List the prime factors of l.
2, 13, 17
Suppose 122 = 4*t + 154. Let s be t/(-6)*(-6)/8*-2. List the prime factors of 2/(-6)*107*-3 + s.
109
Suppose 33*g - 802308 + 30009 = 0. What are the prime factors of g?
3, 29, 269
Let a be (20/(-35))/(4/(-14)). Let p(v) = -2*v. Let l be p(a). Let o(f) = 3*f**2 + 6*f + 1. What are the prime factors of o(l)?
5
Let p(d) = 9*d**2 + 53*d + 7. List the prime factors of p(-29).
3, 11, 61
Let j(y) = -28*y + 48. Let h(w) = w. Let i(k) = -24*h(k) - j(k). Let c be i(19). Suppose 0 = c*p - 31*p + 33. List the prime factors of p.
11
Let q be 14/(-4) + 26640/32. Let b = q - 257. List the prime factors of b.
2, 11, 13
Suppose -h = -6*h - 40. Let y(d) = -d**3 - 7*d**2 + 9*d + 11. Let v be y(h). Suppose s = -5*n + 327, 0 = v*n - 3*s - 335 + 128. What are the prime factors of n?
2, 3, 11
Let f(p) = 43*p**2 + 2*p + 1. Let v be f(-1). Let c be -3*(114/(-9) + 2/6). Let z = v - c. List the prime factors of z.
5
Let z(m) = -m + 10*m + 3*m - 6 + 4*m. List the prime factors of z(1).
2, 5
Suppose -6816 = -12*p + 312. What are the prime factors of p?
2, 3, 11
Let y be 4 + 1/((-1)/7). What are the prime factors of 208 + y + 5 + -3?
3, 23
Suppose 0 = -4*m + 5*v - 76, m + 30 = 7*v - 3*v. Let p(y) be the third derivative of y**5/60 + y**4/6 + 3*y**3 - 182*y**2. What are the prime factors of p(m)?
2, 79
Let c = -7870 + 19493. What are the prime factors of c?
59, 197
Let i(c) = 8*c**3 - 6*c**2 + 6. Let t be i(-5). Let p = -285 - t. List the prime factors of p.
859
Let d(z) = 12*z + 28. Let i be d(-11). Let v = i + 104. What are the prime factors of -2*(v - 10)*99/12?
3, 5, 11
Let s be (36/(-12))/((-3)/2). Let p(a) = s*a - 2*a - 86 + 72 - 2*a. What are the prime factors of p(-14)?
2, 7
Let h be 5 + -2 + 0 + -1. Suppose -79 - 465 = -p + h*y, -2*p - 5*y = -1088. Suppose -7*w + 65 + p = 0. List the prime factors of w.
3, 29
Let x(t) = -16*t + 4. Let g be x(1). Let w(f) = f**3 + 12*f**2 - f - 10. Let n be w(g). Suppose 115 = n*c - 31. List the prime factors of c.
73
Let i be (-3 - 6393)/(-6) + -4. Let t = i + -502. What are the prime factors of t?
2, 5, 7
Suppose -608 = -3*v + 289. Let m = v + -127. What are the prime factors of m?
2, 43
Suppose 0 = -5*i - 5*c + 25, -4*i + 2*i + 4*c = -40. List the prime factors of 5193/15 - (2/i + 0).
2, 173
Suppose w - k = 6941, 3*w - 304*k = -300*k + 20817. List the prime factors of w.
6947
Let a(i) = 6*i + 0*i - 2*i - 6 + 29*i**2 - 2. Let h = 238 + -236. What are the prime factors of a(h)?
2, 29
Let a = -45179 + 105291. What are the prime factors of a?
2, 13, 17
Let v(t) = 